192a
In base 9, what is 2 + -63058353?
-63058351
In base 11, what is a9746 - 0?
a9746
In base 15, what is -5 + 2a7757?
2a7752
In base 2, what is 101111000 + -100000011001001?
-11111101010001
In base 10, what is 18185 - -784?
18969
In base 6, what is 13515 + 1310?
15225
In base 12, what is -2a7ba1 + -93?
-2a8074
In base 12, what is -a86a - 323?
-ab91
In base 13, what is -56a4 + -12?
-56b6
In base 16, what is 1601110b + -2?
16011109
In base 13, what is -132bc58 + -3?
-132bc5b
In base 11, what is 2480 + -546?
1a35
In base 16, what is -42 - -d1461d?
d145db
In base 4, what is -1 - 21000332120?
-21000332121
In base 6, what is -2 + 1440114203?
1440114201
In base 4, what is 2212121 - 111302?
2100213
In base 2, what is 11000 + -1011010001101011000001?
-1011010001101010101001
In base 15, what is -12d38c54 + -5?
-12d38c59
In base 6, what is 1 - -5431022143?
5431022144
In base 2, what is -10000100 + -10000000000100101100?
-10000000000110110000
In base 16, what is -4e - 63abf8?
-63ac46
In base 3, what is -102111221 + -212212?
-110101210
In base 2, what is -101 - -111100101011000101110?
111100101011000101001
In base 5, what is -22024 - 334?
-22413
In base 6, what is -2231 - 123233?
-125504
In base 4, what is -3 - -10112212010?
10112212001
In base 6, what is -121 + -1001231553?
-1001232114
In base 6, what is -120 - -34525150?
34525030
In base 7, what is 1 + 5325456315?
5325456316
In base 6, what is -104 - -54340213?
54340105
In base 12, what is 26 + 25533a?
255364
In base 9, what is -1887535 + -517?
-1888153
In base 2, what is -1011 + -10011000110111100000100?
-10011000110111100001111
In base 11, what is -36 + -1272704?
-127273a
In base 4, what is 1212331201 + 13223?
1213011030
In base 16, what is -187 + -549a5?
-54b2c
In base 10, what is 226 - 24673?
-24447
In base 7, what is 16330161030 - 4?
16330161023
In base 4, what is -200302 + -230332?
-1031300
In base 15, what is d414 + -101?
d313
In base 16, what is -78db9 - 18?
-78dd1
In base 11, what is -101a4 + -27525?
-37719
In base 2, what is -10111100 - 11010101100001?
-11011000011101
In base 11, what is -3905 - 4a89?
-8893
In base 5, what is 1243222010 - 4?
1243222001
In base 2, what is 1010011111111101100111010110 + 101?
1010011111111101100111011011
In base 15, what is 0 + -6ae9b23?
-6ae9b23
In base 5, what is 3101130 + -133?
3100442
In base 14, what is -a - 26a74?
-26a80
In base 4, what is -20130310 + 1101?
-20123203
In base 4, what is 20311211200 - -2?
20311211202
In base 13, what is 19 - 190797?
-19077b
In base 6, what is -434 + 11100?
10222
In base 2, what is -11101010001110001 + -101010010100?
-11101111100000101
In base 16, what is -1752 - -19c3?
271
In base 15, what is ccd5e30 + 1?
ccd5e31
In base 16, what is -3 + -4d5b301?
-4d5b304
In base 5, what is 1213122411323 - -10?
1213122411333
In base 9, what is 2521 - 21648?
-18127
In base 9, what is -4 + -152755?
-152760
In base 10, what is -3227595 + -10?
-3227605
In base 4, what is -113 - -313121231011?
313121230232
In base 14, what is 7741b93 - 0?
7741b93
In base 10, what is -9425856 + 4?
-9425852
In base 8, what is 5770 + 36674?
44664
In base 14, what is -63a7b + 3?
-63a78
In base 7, what is 53 - 10344?
-10261
In base 13, what is 12145bc7 - 3?
12145bc4
In base 3, what is 0 - 101201202122?
-101201202122
In base 6, what is 1013400 + 3031?
1020431
In base 7, what is 643223 - -11332?
654555
In base 8, what is 43471 - -552?
44243
In base 7, what is 1 - 2135051304?
-2135051303
In base 10, what is -205812 + 338?
-205474
In base 3, what is -11200202000 + 1200120?
-11122001110
In base 16, what is 189 + -e177b?
-e15f2
In base 6, what is 0 - 334053032?
-334053032
In base 16, what is -17b4a - 39?
-17b83
In base 3, what is -2 - 11202200111120002?
-11202200111120011
In base 9, what is 112 - -1487327?
1487440
In base 9, what is -158600037 - 2?
-158600040
In base 3, what is -22220201122 + -10010?
-22220211202
In base 15, what is -163a - 8e2a?
-a565
In base 9, what is -51 + -76820?
-76871
In base 12, what is 1890 + 50b4?
6984
In base 12, what is 9a5 - -30a56?
3183b
In base 15, what is -7 + 18e7ea?
18e7e3
In base 16, what is 3431c - -43e?
3475a
In base 8, what is -12113456 + -17?
-12113475
In base 5, what is 43013110330 - -4?
43013110334
In base 14, what is 2855006 + 0?
2855006
In base 5, what is 1210401 + -302?
1210044
In base 14, what is -759 + 25440?
24ac5
In base 2, what is -1000110101110110111111 - -1000?
-1000110101110110110111
In base 2, what is 10011111100000111111001 + -110?
10011111100000111110011
In base 16, what is d61e - 485?
d199
In base 14, what is -c1 + -1d739?
-1d81a
In base 9, what is 20 - 5762845?
-5762825
In base 4, what is -330001200302 - 10?
-330001200312
In base 13, what is -1b372 - -12?
-1b360
In base 5, what is 10 - -3114004344?
3114004404
In base 10, what is -14 + -14865324?
-14865338
In base 8, what is 2156754 + -46?
2156706
In base 6, what is -4 - 1212401032?
-1212401040
In base 10, what is -108 + -312353?
-312461
In base 9, what is -3365 - 15284?
-18660
In base 3, what is 12001012000112202 - -1?
12001012000112210
In base 7, what is 3 - -1124421225?
1124421231
In base 11, what is 482aa8 + 11?
483009
In base 4, what is 113202021320 - -1?
113202021321
In base 15, what is -643 - -282?
-3b1
In base 5, what is 123304 + -2301231?
-2122422
In base 4, what is 211 + 131001330?
131002201
In base 7, what is -5 - -30110615?
30110610
In base 8, what is 2 - 7525043?
-7525041
In base 2, what is 10 - 10011011011100010101010001000?
-10011011011100010101010000110
In base 5, what is 1120 + -21334?
-20214
In base 5, what is -30 - -420214022?
420213442
In base 15, what is -3ca60ab + 7?
-3ca60a4
In base 12, what is -328a1 - -351?
-32550
In base 13, what is c04b7c + -59?
c04b23
In base 3, what is 1122210210111 - 10120?
1122210122221
In base 8, what is -11737 - 4333?
-16272
In base 5, what is -342 - 13040401?
-13041243
In base 11, what is -2 + 2319962?
2319960
In base 2, what is 10001011 - -110111011100001100?
110111011110010111
In base 6, what is 1205233043 + 210?
1205233253
In base 8, what is 3 - 5662750?
-5662745
In base 8, what is -466750 - 22?
-466772
In base 13, what is 13307b67 - -4?
13307b6b
In base 4, what is 11310003311 - -13?
11310003330
In base 9, what is -2 + 4667425?
4667423
In base 16, what is 60 - -1141a?
1147a
In base 15, what is -6eace - 15?
-6eae4
In base 16, what is -25ca9 - 29?
-25cd2
In base 6, what is 1212250133314 + -2?
1212250133312
In base 9, what is 13056 - -28555?
42622
In base 9, what is -1520052006 + 1?
-1520052005
In base 14, what is -1a8 + -2ac6?
-2c90
In base 4, what is -32212103 - -212100?
-32000003
In base 14, what is -5 - -4183ac6?
4183ac1
In base 15, what is -4 + 33e59?
33e55
In base 2, what is 10 - 10011101001011111111101001?
-10011101001011111111100111
In base 16, what is 13db + 434?
180f
In base 16, what is -35f - -56d18?
569b9
In base 10, what is 5 - 24056344?
-24056339
In base 10, what is 275097 + -65?
275032
In base 16, what is -fc34c + -96?
-fc3e2
In base 5, what is -1000124 + 11?
-1000113
In base 6, what is -1324103231 - -5?
-1324103222
In base 9, what is 845 - -75330?
76275
In base 3, what is 10 + -101110201022001?
-101110201021221
In base 11, what is 88462a + -24?
884606
In base 3, what is -211 + 101200010020010?
101200010012022
In base 9, what is 583728051 + 1?
583728052
In base 16, what is 27b7dcf + 5?
27b7dd4
In base 7, what is 5600450 + 53?
5600533
In base 11, what is 133651a + -104?
1336416
In base 2, what is 111111010000000 - 10111011?
111110111000101
In base 10, what is -190 - 1541892?
-1542082
In base 3, what is 10101210012 + 200121?
10102110210
In base 14, what is 5300b1a + 5?
5300b21
In base 12, what is -29 + -12b241?
-12b26a
In base 16, what is -11e936 + -8a?
-11e9c0
In base 3, what is -112012020012110 - -10?
-112012020012100
In base 5, what is 10003 - -322314?
332322
In base 3, what is 11010 - 10102220021220?
-10102220010210
In base 10, what is 2 + 97344300?
97344302
In base 10, what is -65661030 + 2?
-65661028
In base 13, what is -27c4 - 67?
-285b
In base 10, what is 952 - 818?
134
In base 4, what is 11 + -3221121021100?
-3221121021023
In base 14, what is -cb7 + -2481?
-3358
In base 10, what is -1522 - 11644?
-13166
In base 9, what is 3881640 + -4?
3881635
In base 7, what is -30663105 + 5?
-30663100
In b